{"id":2,"date":"2025-05-14T06:32:59","date_gmt":"2025-05-14T03:32:59","guid":{"rendered":"https:\/\/akudegistir.com\/?page_id=2"},"modified":"2025-05-27T23:25:26","modified_gmt":"2025-05-27T20:25:26","slug":"ankara-aku-takviyesi","status":"publish","type":"page","link":"https:\/\/akudegistir.com\/index.php\/ankara-aku-takviyesi\/","title":{"rendered":"Ankara Ak\u00fc Takviyesi"},"content":{"rendered":"\n<p>7\/24 Ak\u00fc Yol yard\u0131m hizmeti ile ANKARA s\u0131n\u0131rlar\u0131 i\u00e7erisinde hizmet sa\u011flamaktay\u0131z. Ak\u00fc ile ilgili sorun ve problemlerinizi gidermek i\u00e7in; <a href=\"tel:05407240258\">0540 724 0 258<\/a> numaral\u0131 telefondan bize ula\u015fabilirsiniz.<\/p>\n\n\n\n<blockquote class=\"wp-block-quote is-layout-flow wp-block-quote-is-layout-flow\">\n<p>Ak\u00fc Yol Yard\u0131m Hizmeti \/ Ankara <\/p>\n<\/blockquote>\n\n\n\n<p>7g\u00fcn 24 saat Servis Hizmeti<\/p>\n\n\n\n<blockquote class=\"wp-block-quote is-layout-flow wp-block-quote-is-layout-flow\">\n<p>Yerinde Ak\u00fc De\u011fi\u015fimi Ankara \/ 7&amp;24 Ak\u00fcc\u00fc \/ Mobil Ak\u00fc Servisi \/ Ak\u00fcm Gelsin! hizmetleri \/ ANKARA<\/p>\n<\/blockquote>\n\n\n\n<p>Standart Ak\u00fcler, EFB Start Stop Ak\u00fcler, AGM Start Stop Ak\u00fcler, Asya Tip Y\u00fcksek Kutup Ak\u00fcler, Ters Kutup Ak\u00fcler, Dar Tip Ak\u00fcler, Jel Ak\u00fcler ve t\u00fcm ak\u00fc se\u00e7enekleri i\u00e7in bizimle irtibata ge\u00e7in.<\/p>\n","protected":false},"excerpt":{"rendered":"<p>7\/24 Ak\u00fc Yol yard\u0131m hizmeti ile ANKARA s\u0131n\u0131rlar\u0131 i\u00e7erisinde hizmet sa\u011flamaktay\u0131z. Ak\u00fc ile ilgili sorun [&hellip;]<\/p>\n","protected":false},"author":1,"featured_media":0,"parent":0,"menu_order":0,"comment_status":"closed","ping_status":"open","template":"","meta":{"_regular_price":[],"currency_symbol":[],"footnotes":""},"class_list":["post-2","page","type-page","status-publish","hentry"],"post_slider_layout_featured_media_urls":{"thumbnail":"","post_slider_layout_landscape_large":"","post_slider_layout_portrait_large":"","post_slider_layout_square_large":"","post_slider_layout_landscape":"","post_slider_layout_portrait":"","post_slider_layout_square":"","full":""},"_links":{"self":[{"href":"https:\/\/akudegistir.com\/index.php\/wp-json\/wp\/v2\/pages\/2","targetHints":{"allow":["GET"]}}],"collection":[{"href":"https:\/\/akudegistir.com\/index.php\/wp-json\/wp\/v2\/pages"}],"about":[{"href":"https:\/\/akudegistir.com\/index.php\/wp-json\/wp\/v2\/types\/page"}],"author":[{"embeddable":true,"href":"https:\/\/akudegistir.com\/index.php\/wp-json\/wp\/v2\/users\/1"}],"replies":[{"embeddable":true,"href":"https:\/\/akudegistir.com\/index.php\/wp-json\/wp\/v2\/comments?post=2"}],"version-history":[{"count":1,"href":"https:\/\/akudegistir.com\/index.php\/wp-json\/wp\/v2\/pages\/2\/revisions"}],"predecessor-version":[{"id":87,"href":"https:\/\/akudegistir.com\/index.php\/wp-json\/wp\/v2\/pages\/2\/revisions\/87"}],"wp:attachment":[{"href":"https:\/\/akudegistir.com\/index.php\/wp-json\/wp\/v2\/media?parent=2"}],"curies":[{"name":"wp","href":"https:\/\/api.w.org\/{rel}","templated":true}]}}